the remainder when 113549 is divided by 18775.
899
What is the remainder when 3421795 is divided by 8912?
8499
What is the remainder when 1977763 is divided by 526?
3
Calculate the remainder when 685432 is divided by 226883.
4783
Calculate the remainder when 631031 is divided by 90030.
821
What is the remainder when 11879445 is divided by 383205?
90
Calculate the remainder when 21043795 is divided by 618935.
5
Calculate the remainder when 12797652 is divided by 2235.
42
Calculate the remainder when 75219595 is divided by 198.
187
Calculate the remainder when 24367 is divided by 2999.
375
Calculate the remainder when 508870 is divided by 496.
470
What is the remainder when 1052548 is divided by 116862?
790
What is the remainder when 156941 is divided by 11148?
869
Calculate the remainder when 3270469 is divided by 293.
3
Calculate the remainder when 5183223 is divided by 162.
33
Calculate the remainder when 4683082 is divided by 55.
52
What is the remainder when 1364745 is divided by 398?
3
Calculate the remainder when 288485 is divided by 14.
1
What is the remainder when 472256 is divided by 26?
18
What is the remainder when 80983950 is divided by 23178?
18
Calculate the remainder when 3067914 is divided by 95871.
42
Calculate the remainder when 95575 is divided by 10615.
40
What is the remainder when 19805 is divided by 2883?
2507
Calculate the remainder when 1655566 is divided by 17610.
226
What is the remainder when 234062 is divided by 1398?
596
Calculate the remainder when 30367 is divided by 15080.
207
What is the remainder when 5403331 is divided by 18193?
10
What is the remainder when 23028827 is divided by 740?
27
What is the remainder when 67092 is divided by 2346?
1404
What is the remainder when 1604797 is divided by 802296?
205
Calculate the remainder when 43401200 is divided by 4340119.
10
What is the remainder when 367070 is divided by 9511?
5652
Calculate the remainder when 1788114 is divided by 137536.
146
What is the remainder when 503309 is divided by 114?
113
Calculate the remainder when 15547232 is divided by 12408.
8
Calculate the remainder when 3011241 is divided by 1985.
1981
What is the remainder when 42832 is divided by 487?
463
Calculate the remainder when 6328127 is divided by 2287.
2285
Calculate the remainder when 552769 is divided by 3814.
3553
What is the remainder when 1467875 is divided by 163075?
200
What is the remainder when 3126241 is divided by 357?
349
What is the remainder when 970891 is divided by 485381?
129
What is the remainder when 17664 is divided by 730?
144
What is the remainder when 493557 is divided by 5945?
122
What is the remainder when 433625 is divided by 1668?
1613
What is the remainder when 3214311 is divided by 472?
463
Calculate the remainder when 21826 is divided by 10857.
112
What is the remainder when 13886155 is divided by 289?
283
Calculate the remainder when 709819 is divided by 330.
319
Calculate the remainder when 3710006 is divided by 1051.
1027
What is the remainder when 318441 is divided by 973?
270
Calculate the remainder when 395759 is divided by 128.
111
What is the remainder when 5977353 is divided by 4977?
4953
What is the remainder when 160441 is divided by 80182?
77
Calculate the remainder when 4881937 is divided by 4881900.
37
Calculate the remainder when 260865 is divided by 451.
187
Calculate the remainder when 8220005 is divided by 29.
13
What is the remainder when 128365 is divided by 5086?
1215
Calculate the remainder when 15156755 is divided by 10834.
10823
What is the remainder when 123269546 is divided by 970?
6
Calculate the remainder when 254979 is divided by 22.
21
What is the remainder when 100100 is divided by 24537?
1952
What is the remainder when 572913 is divided by 50?
13
What is the remainder when 3337178 is divided by 196303?
27
What is the remainder when 568633 is divided by 15353?
572
Calculate the remainder when 12002549 is divided by 16.
5
What is the remainder when 47888 is divided by 43755?
4133
Calculate the remainder when 94385 is divided by 370.
35
Calculate the remainder when 81978 is divided by 2101.
39
What is the remainder when 531186 is divided by 6457?
1712
Calculate the remainder when 561027 is divided by 615.
147
Calculate the remainder when 12722230 is divided by 24.
22
What is the remainder when 63166527 is divided by 465?
462
What is the remainder when 18984211 is divided by 5404?
5363
Calculate the remainder when 49437042 is divided by 588536.
18
What is the remainder when 947349 is divided by 382?
371
What is the remainder when 4278446 is divided by 12?
2
Calculate the remainder when 3647 is divided by 1719.
209
Calculate the remainder when 14275 is divided by 7125.
25
Calculate the remainder when 1132575 is divided by 6.
3
Calculate the remainder when 5400993 is divided by 2438.
823
What is the remainder when 795787 is divided by 151?
17
Calculate the remainder when 8902298 is divided by 145.
23
What is the remainder when 79279537 is divided by 26?
25
What is the remainder when 61618765 is divided by 136?
21
What is the remainder when 835615 is divided by 8985?
10
Calculate the remainder when 3529256 is divided by 4123.
4091
Calculate the remainder when 3777778 is divided by 560.
18
What is the remainder when 266238860 is divided by 16?
12
What is the remainder when 24055806 is divided by 89?
85
What is the remainder when 2994427 is divided by 251?
248
What is the remainder when 120361 is divided by 16849?
2418
Calculate the remainder when 7911463 is divided by 743.
742
What is the remainder when 8699812 is divided by 1422?
16
Calculate the remainder when 186922437 is divided by 62307479.
0
What is the remainder when 365226 is divided by 5451?
9
What is the remainder when 22604273 is divided by 94?
93
Calculate the remainder when 437708541 is divided by 364.
361
Calculate the remainder when 87783 is divided by 87762.
21
Calculate the remainder when 4275485 is divided by 158351.
8
Calculate the remainder when 9067034 is divided by 367.
299
Calculate the remainder when 33465 is divided by 292.
177
Calculate the remainder when 385944 is divided by 1109.
12
What is the remainder when 107848074 is divided by 47?
41
Calculate the remainder when 51035128 is divided by 1024.
1016
What is the remainder when 6607771 is divided by 7?
2
Calculate the remainder when 900886 is divided by 900859.
27
What is the remainder when 91824 is divided by 2031?
429
Calculate the remainder when 1127052 is divided by 23001.
3
Calculate the remainder when 2777220 is divided by 1388503.
214
Calculate the remainder when 38994110 is divided by 34.
20
Calculate the remainder when 6257865 is divided by 2085902.
159
What is the remainder when 3147021 is divided by 196679?
157
Calculate the remainder when 2989994 is divided by 4443.
4298
Calculate the remainder when 548371 is divided by 137092.
3
Calculate the remainder when 379141 is divided by 8439.
7825
What is the remainder when 97423929 is divided by 1603?
1
What is the remainder when 789230 is divided by 157827?
95
What is the remainder when 5126655 is divided by 3153?
3030
Calculate the remainder when 2824576 is divided by 53.
47
Calculate the remainder when 329813 is divided by 1213.
1090
Calculate the remainder when 398757 is divided by 934.
873
Calculate the remainder when 40038 is divided by 2407.
1526
Calculate the remainder when 82024 is divided by 2865.
1804
Calculate the remainder when 311632 is divided by 3666.
22
What is the remainder when 424214 is divided by 2078?
302
What is the remainder when 222901 is divided by 111296?
309
Calculate the remainder when 1707273 is divided by 278.
75
Calculate the remainder when 141634 is divided by 1151.
61
What is the remainder when 40511609 is divided by 3148?
3145
Calculate the remainder when 8931345 is divided by 3.
0
Calculate the remainder when 457537 is divided by 26905.
152
What is the remainder when 14954 is divided by 843?
623
Calculate the remainder when 194908 is divided by 10814.
256
Calculate the remainder when 321668006 is divided by 4661855.
11
Calculate the remainder when 2959522 is divided by 933.
46
What is the remainder when 731478 is divided by 146243?
263
Calculate the remainder when 140276 is divided by 731.
655
What is the remai